f 85?
True
Is 76 a factor of 73678?
False
Does 608 divide 5587807?
False
Is 8 a factor of 40056?
True
Is 1050 a factor of 1886850?
True
Is 917196 a multiple of 6?
True
Is 4 a factor of 65196?
True
Is 354 a factor of 68088?
False
Does 70 divide 3814359?
False
Is 19 a factor of 26197523?
True
Is 1064 a factor of 6026496?
True
Is 2910519 a multiple of 27?
True
Is 91 a factor of 477153?
False
Is 17 a factor of 9210413?
True
Is 4 a factor of 342648?
True
Does 91 divide 1189188?
True
Is 15 a factor of 144069?
False
Is 67236 a multiple of 26?
True
Is 4097 a multiple of 4?
False
Is 124177 a multiple of 23?
True
Is 104975 a multiple of 80?
False
Is 107 a factor of 1344669?
True
Is 27 a factor of 1342176?
False
Is 277 a factor of 4617013?
False
Is 14 a factor of 4478712?
True
Is 265 a factor of 6355167?
False
Is 38590 a multiple of 227?
True
Is 3467237 a multiple of 750?
False
Is 7 a factor of 2068?
False
Is 916426 a multiple of 10?
False
Is 1079 a factor of 9066253?
False
Does 24 divide 67752?
True
Is 95200 a multiple of 25?
True
Is 980115 a multiple of 543?
True
Does 11 divide 4174258?
True
Is 82350 a multiple of 90?
True
Is 43995 a multiple of 49?
False
Does 7 divide 1969949?
False
Is 1685 a factor of 5528485?
True
Does 12 divide 51108?
True
Does 31 divide 243257?
True
Is 575 a factor of 239775?
True
Does 26 divide 556226?
False
Does 63 divide 9135?
True
Is 6255 a multiple of 9?
True
Is 12131400 a multiple of 300?
True
Is 8 a factor of 40096?
True
Does 46 divide 114816?
True
Is 103 a factor of 916082?
True
Does 768 divide 11468544?
True
Is 112400 a multiple of 40?
True
Is 3832651 a multiple of 894?
False
Is 869 a factor of 3548127?
True
Does 13 divide 530894?
True
Is 166167 a multiple of 69?
False
Is 46 a factor of 2132909?
False
Is 3536223 a multiple of 11?
False
Is 355920 a multiple of 15?
True
Does 635 divide 698614?
False
Is 4891432 a multiple of 13?
True
Is 5 a factor of 240725?
True
Does 17 divide 64856?
False
Is 22 a factor of 3637973?
False
Is 165 a factor of 380160?
True
Does 20 divide 64000?
True
Is 139 a factor of 11496273?
True
Is 232344 a multiple of 36?
True
Is 1254096 a multiple of 17?
False
Is 50637 a multiple of 18?
False
Is 2838468 a multiple of 106?
True
Is 5535 a multiple of 5?
True
Is 1041 a factor of 2432817?
True
Does 61 divide 273768?
True
Is 23030 a multiple of 70?
True
Is 1680991 a multiple of 24?
False
Is 4 a factor of 76429?
False
Is 54689 a multiple of 19?
False
Is 64 a factor of 797465?
False
Is 149838 a multiple of 73?
False
Is 100 a factor of 272800?
True
Is 12 a factor of 1076868?
True
Is 899171 a multiple of 533?
True
Is 233 a factor of 190594?
True
Is 16 a factor of 802858?
False
Is 175 a factor of 1012025?
True
Does 795 divide 931264?
False
Is 14 a factor of 145834?
False
Is 63081 a multiple of 18?
False
Is 6 a factor of 533071?
False
Is 1578522 a multiple of 270?
False
Does 222 divide 347430?
True
Is 14 a factor of 71202?
False
Does 46 divide 680294?
True
Does 46 divide 104933?
False
Does 23 divide 837706?
True
Is 22270082 a multiple of 1360?
False
Does 85 divide 15027293?
False
Is 43 a factor of 8936518?
True
Is 1264871 a multiple of 64?
False
Is 26 a factor of 152308?
True
Is 10 a factor of 947482?
False
Is 236041 a multiple of 670?
False
Does 115 divide 566835?
True
Does 43 divide 4042?
True
Is 15 a factor of 5605064?
False
Does 932 divide 3782031?
False
Is 99 a factor of 113355?
True
Is 87 a factor of 508776?
True
Is 1594 a factor of 34337948?
True
Is 573436 a multiple of 271?
True
Does 34 divide 783479?
False
Does 22 divide 425194?
True
Does 35 divide 10538010?
True
Does 22 divide 2244?
True
Does 48 divide 802800?
True
Is 60 a factor of 1995695?
False
Does 84 divide 476112?
True
Is 197532 a multiple of 31?
True
Is 10 a factor of 213330?
True
Does 13 divide 163504?
False
Is 13395530 a multiple of 1355?
True
Is 79 a factor of 73075?
True
Does 43 divide 68241?
True
Is 451269 a multiple of 247?
True
Does 2 divide 23275?
False
Is 108 a factor of 798768?
True
Is 2215617 a multiple of 27?
False
Is 334536 a multiple of 212?
True
Is 4471100 a multiple of 1159?
False
Does 167 divide 1520869?
True
Is 31 a factor of 2109291?
False
Is 58003 even?
False
Does 10 divide 208482?
False
Is 46 a factor of 28014?
True
Is 186 a factor of 3007062?
True
Does 30 divide 4344478?
False
Is 4580372 a multiple of 20?
False
Is 458774 a multiple of 224?
False
Is 22398816 a multiple of 88?
True
Does 5 divide 2062985?
True
Is 95128 a multiple of 19?
False
Does 13 divide 255749?
True
Is 123 a factor of 20418?
True
Is 91824 a multiple of 8?
True
Does 62 divide 1569902?
True
Is 766 a factor of 852558?
True
Does 10 divide 16212?
False
Is 147 a factor of 53374?
False
Does 170 divide 125120?
True
Is 537240 a multiple of 555?
True
Does 95 divide 57222?
False
Does 7 divide 255709?
False
Is 27168 a multiple of 68?
False
Is 11953496 a multiple of 753?
False
Does 86 divide 3099717?
False
Is 196176 a multiple of 48?
True
Is 3260009 a multiple of 32?
False
Is 7689780 a multiple of 34?
True
Does 60 divide 1912140?
True
Is 2036173 a multiple of 19?
True
Is 2350032 a multiple of 24?
True
Does 30 divide 551410?
False
Is 130 a factor of 7881770?
True
Is 93 a factor of 989985?
True
Is 2272400 a multiple of 20?
True
Is 23 a factor of 26404?
True
Is 42473 a multiple of 62?
False
Is 94530 a multiple of 15?
True
Does 103 divide 72692?
False
Does 81 divide 57615?
False
Does 957 divide 12233848?
False
Is 830 a factor of 20130073?
False
Does 32 divide 879219?
False
Does 3 divide 60891?
True
Does 51 divide 47277?
True
Is 4248426 a multiple of 17?
False
Does 690 divide 1909920?
True
Is 44 a factor of 31636?
True
Is 196 a factor of 361228?
True
Is 54138 a multiple of 42?
True
Is 38 a factor of 1151628?
True
Is 7313808 a multiple of 44?
False
Is 5926354 a multiple of 13?
False
Does 4 divide 594314?
False
Is 3 a factor of 89204?
False
Is 10 a factor of 51765?
False
Is 312 a factor of 14684280?
True
Is 17 a factor of 102218?
False
Does 141 divide 32038?
False
Is 24600 a multiple of 21?
False
Does 245 divide 231554?
False
Is 102417 a multiple of 1240?
False
Does 30 divide 28200?
True
Does 90 divide 5823293?
False
Is 289231 a multiple of 28?
False
Is 405 a factor of 136337?
False
Is 6 a factor of 416586?
True
Is 6878857 a multiple of 83?
False
Is 387517 a multiple of 255?
False
Is 45310 a multiple of 46?
True
Is 55150 a multiple of 25?
True
Is 11233776 a multiple of 888?
False
Does 282 divide 1691718?
True
Does 8 divide 3324274?
False
Does 9 divide 5210?
False
Is 154635 a multiple of 15?
True
Is 60264 a multiple of 27?
True
Does 246 divide 287082?
True
Is 4 a factor of 3733271?
False
Is 13 a factor of 4044911?
True
Is 278931 a multiple of 158?
False
Is 490304 a multiple of 8?
True
Is 51 a factor of 208963?
False
Is 4896034 a multiple of 418?
True
Is 300 a factor of 84942?
False
Is 6345312 a multiple of 32?
True
Is 13092048 a multiple of 12?
True
Is 317 a factor of 2758851?
True
Does 91 divide 609427?
True
Is 2639000 a multiple of 280?
True
Is 23 a factor of 5428?
True
Is 536 a factor of 13288043?
False
Does 5 divide 886?
False
Is 183 a factor of 49785?
False
Does 30 divide 1676940?
True
Does 35 divide 374628?
False
Is 8 a factor of 25048?
True
Is 151 a factor of 329434?
False
Is 56 a factor of 4462317?
False
Is 58 a factor of 81782?
False
Is 297 a factor of 4343328?
True
Does 217 divide 68791?
False
Is 306357 a multiple of 17?
True
Does 21 divide 1457796?
False
Is 104 a factor of 179536?
False
Is 7 a factor of 8032243?
False
Is 909537 a multiple of 3?
True
Is 96 a factor of 2603232?
True
Is 46740 a multiple of 6?
True
Does 251 divide 2200263?
False
Does 11 divide 117?
False
Is 7 a factor of 170023?
True
Is 191 a factor of 3117502?
True
Is 133 a factor of 2013756?
False
Is 11 a factor of 1144187?
True
Does 66 divide 19258487?
False
Does 134 divide 125156?
True
Is 14 a factor of 59903?
False
Is 4 a factor of 32889?
False
Is 25 a factor of 2775?
True
Does 2 divide 30549?
False
Is 235 a factor of 1362531?
False
Is 13 a factor of 19955?
True
Is 23 a factor of 14650707?
False
Does 126 divide 565992?
True
Is 116400 a multiple of 12?
True
Does 78 divide 7204080?
True
Is 75 a factor of 97050?
True
Is 2718809 a multiple of 19?
False
Does 45 divide 42145?
False
Does 572 divide 1124